{"id":1115,"date":"2015-08-20T16:59:48","date_gmt":"2015-08-20T16:59:48","guid":{"rendered":"http:\/\/albertobernalcomposer.apps-1and1.net\/?page_id=1115"},"modified":"2015-09-03T23:47:23","modified_gmt":"2015-09-03T23:47:23","slug":"orchestra","status":"publish","type":"page","link":"https:\/\/albertobernal.net\/es\/works\/format\/orchestra","title":{"rendered":"orquesta"},"content":{"rendered":"<p><strong><em><a style=\"color: #998374;\" href=\"https:\/\/albertobernal.net\/format\">\u2192 obras por formato<\/a><\/em><\/strong><\/p>\n<hr \/>\n<p><div class=\"pt-cv-wrapper\"><div class=\"pt-cv-view pt-cv-grid pt-cv-colsys pt-cv-left\" id=\"pt-cv-view-70a27f17fb\"><div data-id=\"pt-cv-page-1\" class=\"pt-cv-page\" data-cvc=\"4\"><div class=\"col-md-3 col-sm-3 col-xs-12 pt-cv-content-item pt-cv-1-col\" ><div class='pt-cv-ifield'><a href=\"https:\/\/albertobernal.net\/es\/passage\" class=\"_blank pt-cv-href-thumbnail pt-cv-thumb-default\" target=\"_blank\" ><img loading=\"lazy\" decoding=\"async\" width=\"300\" height=\"224\" src=\"https:\/\/albertobernal.net\/wp-content\/uploads\/2024\/11\/passage1-300x224.gif\" class=\"pt-cv-thumbnail img-none\" alt=\"passage\" \/><\/a>\n<h4 class=\"pt-cv-title\"><a href=\"https:\/\/albertobernal.net\/es\/passage\" class=\"_blank\" target=\"_blank\" >passage<\/a><\/h4>\n<div class=\"pt-cv-content\">cuarteto de percusi\u00f3n+ 30 m\u00fasicos m\u00f3viles (2024)<\/div><\/div><\/div>\n<div class=\"col-md-3 col-sm-3 col-xs-12 pt-cv-content-item pt-cv-1-col\" ><div class='pt-cv-ifield'><a href=\"https:\/\/albertobernal.net\/es\/decollage\" class=\"_blank pt-cv-href-thumbnail pt-cv-thumb-default\" target=\"_blank\" ><img loading=\"lazy\" decoding=\"async\" width=\"300\" height=\"212\" src=\"https:\/\/albertobernal.net\/wp-content\/uploads\/2023\/11\/decollage-300x212.gif\" class=\"pt-cv-thumbnail img-none\" alt=\"decollage\" \/><\/a>\n<h4 class=\"pt-cv-title\"><a href=\"https:\/\/albertobernal.net\/es\/decollage\" class=\"_blank\" target=\"_blank\" >d\u00e9-coll\/age<\/a><\/h4>\n<div class=\"pt-cv-content\">60 m\u00fasicos de banda (2023)<\/div><\/div><\/div>\n<div class=\"col-md-3 col-sm-3 col-xs-12 pt-cv-content-item pt-cv-1-col\" ><div class='pt-cv-ifield'><a href=\"https:\/\/albertobernal.net\/es\/outer-world\" class=\"_blank pt-cv-href-thumbnail pt-cv-thumb-default\" target=\"_blank\" ><img loading=\"lazy\" decoding=\"async\" width=\"300\" height=\"225\" src=\"https:\/\/albertobernal.net\/wp-content\/uploads\/2015\/08\/el-mundo-300x225.gif\" class=\"pt-cv-thumbnail img-none\" alt=\"el mundo\" \/><\/a>\n<h4 class=\"pt-cv-title\"><a href=\"https:\/\/albertobernal.net\/es\/outer-world\" class=\"_blank\" target=\"_blank\" >el mundo exterior del mundo interior del mundo exterior<\/a><\/h4>\n<div class=\"pt-cv-content\">orquesta de cuerda (2009)<\/div><\/div><\/div>\n<div class=\"col-md-3 col-sm-3 col-xs-12 pt-cv-content-item pt-cv-1-col\" ><div class='pt-cv-ifield'><a href=\"https:\/\/albertobernal.net\/es\/wi-e-der\" class=\"_blank pt-cv-href-thumbnail pt-cv-thumb-default\" target=\"_blank\" ><img loading=\"lazy\" decoding=\"async\" width=\"300\" height=\"225\" src=\"https:\/\/albertobernal.net\/wp-content\/uploads\/2015\/08\/wieder-300x225.gif\" class=\"pt-cv-thumbnail img-none\" alt=\"wieder\" \/><\/a>\n<h4 class=\"pt-cv-title\"><a href=\"https:\/\/albertobernal.net\/es\/wi-e-der\" class=\"_blank\" target=\"_blank\" >wi(e)der<\/a><\/h4>\n<div class=\"pt-cv-content\">orquesta (2005)<\/div><\/div><\/div>\n<div class=\"col-md-3 col-sm-3 col-xs-12 pt-cv-content-item pt-cv-1-col\" ><div class='pt-cv-ifield'><a href=\"https:\/\/albertobernal.net\/es\/jetzt\" class=\"_blank pt-cv-href-thumbnail pt-cv-thumb-default\" target=\"_blank\" ><img loading=\"lazy\" decoding=\"async\" width=\"300\" height=\"225\" src=\"https:\/\/albertobernal.net\/wp-content\/uploads\/2015\/08\/jetzt-2-300x225.gif\" class=\"pt-cv-thumbnail img-none\" alt=\"\" \/><\/a>\n<h4 class=\"pt-cv-title\"><a href=\"https:\/\/albertobernal.net\/es\/jetzt\" class=\"_blank\" target=\"_blank\" >jetzt<\/a><\/h4>\n<div class=\"pt-cv-content\">orquesta (2004)<\/div><\/div><\/div><\/div><\/div><\/div>\t\t\t<style type=\"text\/css\" id=\"pt-cv-inline-style-f9748347v0\">#pt-cv-view-70a27f17fb .pt-cv-title a, #pt-cv-view-70a27f17fb  .panel-title { font-family: 'Noto Sans', Arial, serif !important; font-size: 14px !important; }\n#pt-cv-view-70a27f17fb .pt-cv-content , #pt-cv-view-70a27f17fb  .carousel-caption { font-family: 'Noto Sans', Arial, serif !important; font-size: 12px !important; }\n#pt-cv-view-70a27f17fb { text-align: left !important; }<\/style>\r\n\t\t\t<\/p>","protected":false},"excerpt":{"rendered":"<p>\u2192 obras por formato<\/p>\n","protected":false},"author":1,"featured_media":0,"parent":1133,"menu_order":3,"comment_status":"closed","ping_status":"closed","template":"page-full.php","meta":{"footnotes":""},"class_list":["post-1115","page","type-page","status-publish","hentry"],"_links":{"self":[{"href":"https:\/\/albertobernal.net\/es\/wp-json\/wp\/v2\/pages\/1115","targetHints":{"allow":["GET"]}}],"collection":[{"href":"https:\/\/albertobernal.net\/es\/wp-json\/wp\/v2\/pages"}],"about":[{"href":"https:\/\/albertobernal.net\/es\/wp-json\/wp\/v2\/types\/page"}],"author":[{"embeddable":true,"href":"https:\/\/albertobernal.net\/es\/wp-json\/wp\/v2\/users\/1"}],"replies":[{"embeddable":true,"href":"https:\/\/albertobernal.net\/es\/wp-json\/wp\/v2\/comments?post=1115"}],"version-history":[{"count":3,"href":"https:\/\/albertobernal.net\/es\/wp-json\/wp\/v2\/pages\/1115\/revisions"}],"predecessor-version":[{"id":2067,"href":"https:\/\/albertobernal.net\/es\/wp-json\/wp\/v2\/pages\/1115\/revisions\/2067"}],"up":[{"embeddable":true,"href":"https:\/\/albertobernal.net\/es\/wp-json\/wp\/v2\/pages\/1133"}],"wp:attachment":[{"href":"https:\/\/albertobernal.net\/es\/wp-json\/wp\/v2\/media?parent=1115"}],"curies":[{"name":"wp","href":"https:\/\/api.w.org\/{rel}","templated":true}]}}

<p><strong><em><a style="color: #998374;" href="https://albertobernal.net/format">→ obras por formato</a></em></strong></p>
<hr />
<p><div class="pt-cv-wrapper"><div class="pt-cv-view pt-cv-grid pt-cv-colsys pt-cv-left" id="pt-cv-view-70a27f17fb"><div data-id="pt-cv-page-1" class="pt-cv-page" data-cvc="4"><div class="col-md-3 col-sm-3 col-xs-12 pt-cv-content-item pt-cv-1-col" ><div class='pt-cv-ifield'><a href="https://albertobernal.net/es/passage" class="_blank pt-cv-href-thumbnail pt-cv-thumb-default" target="_blank" ><img loading="lazy" decoding="async" width="300" height="224" src="https://albertobernal.net/wp-content/uploads/2024/11/passage1-300x224.gif" class="pt-cv-thumbnail img-none" alt="passage" /></a>
<h4 class="pt-cv-title"><a href="https://albertobernal.net/es/passage" class="_blank" target="_blank" >passage</a></h4>
<div class="pt-cv-content">cuarteto de percusión+ 30 músicos móviles (2024)</div></div></div>
<div class="col-md-3 col-sm-3 col-xs-12 pt-cv-content-item pt-cv-1-col" ><div class='pt-cv-ifield'><a href="https://albertobernal.net/es/decollage" class="_blank pt-cv-href-thumbnail pt-cv-thumb-default" target="_blank" ><img loading="lazy" decoding="async" width="300" height="212" src="https://albertobernal.net/wp-content/uploads/2023/11/decollage-300x212.gif" class="pt-cv-thumbnail img-none" alt="decollage" /></a>
<h4 class="pt-cv-title"><a href="https://albertobernal.net/es/decollage" class="_blank" target="_blank" >dé-coll/age</a></h4>
<div class="pt-cv-content">60 músicos de banda (2023)</div></div></div>
<div class="col-md-3 col-sm-3 col-xs-12 pt-cv-content-item pt-cv-1-col" ><div class='pt-cv-ifield'><a href="https://albertobernal.net/es/outer-world" class="_blank pt-cv-href-thumbnail pt-cv-thumb-default" target="_blank" ><img loading="lazy" decoding="async" width="300" height="225" src="https://albertobernal.net/wp-content/uploads/2015/08/el-mundo-300x225.gif" class="pt-cv-thumbnail img-none" alt="el mundo" /></a>
<h4 class="pt-cv-title"><a href="https://albertobernal.net/es/outer-world" class="_blank" target="_blank" >el mundo exterior del mundo interior del mundo exterior</a></h4>
<div class="pt-cv-content">orquesta de cuerda (2009)</div></div></div>
<div class="col-md-3 col-sm-3 col-xs-12 pt-cv-content-item pt-cv-1-col" ><div class='pt-cv-ifield'><a href="https://albertobernal.net/es/wi-e-der" class="_blank pt-cv-href-thumbnail pt-cv-thumb-default" target="_blank" ><img loading="lazy" decoding="async" width="300" height="225" src="https://albertobernal.net/wp-content/uploads/2015/08/wieder-300x225.gif" class="pt-cv-thumbnail img-none" alt="wieder" /></a>
<h4 class="pt-cv-title"><a href="https://albertobernal.net/es/wi-e-der" class="_blank" target="_blank" >wi(e)der</a></h4>
<div class="pt-cv-content">orquesta (2005)</div></div></div>
<div class="col-md-3 col-sm-3 col-xs-12 pt-cv-content-item pt-cv-1-col" ><div class='pt-cv-ifield'><a href="https://albertobernal.net/es/jetzt" class="_blank pt-cv-href-thumbnail pt-cv-thumb-default" target="_blank" ><img loading="lazy" decoding="async" width="300" height="225" src="https://albertobernal.net/wp-content/uploads/2015/08/jetzt-2-300x225.gif" class="pt-cv-thumbnail img-none" alt="" /></a>
<h4 class="pt-cv-title"><a href="https://albertobernal.net/es/jetzt" class="_blank" target="_blank" >jetzt</a></h4>
<div class="pt-cv-content">orquesta (2004)</div></div></div></div></div></div>			<style type="text/css" id="pt-cv-inline-style-f9748347v0">#pt-cv-view-70a27f17fb .pt-cv-title a, #pt-cv-view-70a27f17fb  .panel-title { font-family: 'Noto Sans', Arial, serif !important; font-size: 14px !important; }
#pt-cv-view-70a27f17fb .pt-cv-content , #pt-cv-view-70a27f17fb  .carousel-caption { font-family: 'Noto Sans', Arial, serif !important; font-size: 12px !important; }
#pt-cv-view-70a27f17fb { text-align: left !important; }</style>
			</p>
